cond derivative of -h**4/12 + h**3/6 + 11*h**2 - 5*h. Calculate the remainder when s(0) is divided by x.
10
Suppose -m + 2*m - 10 = 0. Calculate the remainder when m is divided by 7.
3
Suppose -12 = -p - 3*p. Suppose -20 - 4 = -4*l. What is the remainder when 6/9 - (-20)/l is divided by p?
1
Suppose 0 = -k + 5 + 4. Calculate the remainder when 22 is divided by k.
4
Let p be (-6)/21 + 200/14. Calculate the remainder when 26 is divided by -3 + (p - (-5 + 2)).
12
Let z = 19 + -11. Let x be 2/(-9) - 200/(-9). What is the remainder when (3 - 2) + (x - 1) is divided by z?
6
Suppose 51 = -0*q + q. Calculate the remainder when q is divided by 18.
15
Suppose -v - 114 = -3*v. What is the remainder when v is divided by 15?
12
Suppose -3*q - 2*q + 55 = 0. Suppose q*y - 9*y - 76 = 0. Let v(o) = 2*o**2 + 6*o + 5. What is the remainder when y is divided by v(-4)?
12
Let n(o) = o**3 + o**2 - o + 38. Let g be n(0). Suppose s - 3*s + g = -3*i, i + 4 = 0. Let w = 95 - 58. What is the remainder when w is divided by s?
11
Let u(s) = 234*s + 1. Let y be u(2). Let w = y + -209. Suppose -5*h - 30 + w = 0. What is the remainder when h is divided by 16?
14
Let r(k) = -k**3 - 3*k**2 - 12. Calculate the remainder when r(-6) is divided by 25.
21
Suppose -3*o + 15 = 2*o. What is the remainder when 39 is divided by ((-28)/(-3))/(2/o)?
11
Suppose 3*o - 21 = 39. What is the remainder when o is divided by 8?
4
Let z = 7 + 0. Let p = 5 - -8. Calculate the remainder when p is divided by z.
6
Let l be 2/(-2) - (8 + -58). Let v = l + -30. Calculate the remainder when 55 is divided by v.
17
Let o = -22 + 31. Let g(h) = h**3 - 5*h**2 + 2*h + 7. What is the remainder when g(5) is divided by o?
8
Let y = -8 - -26. Suppose 0 = -2*o + 5*o - 15. Calculate the remainder when y is divided by o.
3
Suppose -y + 9 = 2. Let r(h) = -h**3 + 4*h**2 + 8*h - 3. What is the remainder when r(5) is divided by y?
5
Suppose 3*a - 5*a = n - 6, -2*n = -4*a + 20. Calculate the remainder when (-84)/(-9)*(-1 + a) is divided by 15.
13
Let b(n) = -n**3 + n + 11. What is the remainder when 42 is divided by b(0)?
9
What is the remainder when (6/(-9))/((-8)/180) is divided by 9?
6
Calculate the remainder when 3 is divided by 34/10 + 26/(-65).
0
Suppose 2*y - 3*b = -45, 2*y + y + 64 = b. Let f = -15 - y. Calculate the remainder when 9 is divided by f.
3
Let i(u) = -u**2 - u + 1. Let y(f) = -8*f**2 - 17*f + 11. Let l(d) = 5*i(d) - y(d). What is the remainder when l(-6) is divided by 11?
8
Let q = 15 + -9. Suppose -k - 6 = -2*m + 45, 4*m - 117 = 5*k. What is the remainder when m is divided by q?
5
Let x(i) = 2*i - 7. Let j be x(-6). Let o be j/2*4/(-2). Suppose 2*z - r = 40, z - r - 1 - o = 0. Calculate the remainder when z is divided by 11.
9
Let h(x) = x**3 + 8*x**2 + 5*x + 8. Calculate the remainder when h(-7) is divided by 13.
9
Suppose 0*x - x - 11 = 0. Let k(m) = -m**3 - 11*m**2 - m - 10. What is the remainder when 1 is divided by k(x)?
0
Let x(k) be the third derivative of k**4 - k**3/3 - 15*k**2. Let g = -3 - -5. Calculate the remainder when x(g) is divided by 12.
10
Suppose g = -4*g + 120. Suppose -g = 4*p - 80. Calculate the remainder when p is divided by 8.
6
Let r = 45 - 16. Calculate the remainder when r is divided by 8.
5
Calculate the remainder when 27 - -6*1/(-2) is divided by 9.
6
Let g(l) be the first derivative of -l**4/4 - 2*l**3/3 + 3*l**2/2 - l + 1. Let w be g(2). Let t = -2 - w. Calculate the remainder when 26 is divided by t.
8
Let n = -5 - -3. Let d(m) = -6*m**3 - 2*m**2 - 2*m + 2. Let x(k) = -7*k - 19. Calculate the remainder when d(n) is divided by x(-5).
14
Suppose 4*v - 2*l - 12 = 0, -8*v - 4*l = -4*v - 12. Suppose -v*y - 2*y = -145. Calculate the remainder when y is divided by 15.
14
Suppose 3 + 1 = 4*u + 2*r, 5*r = -2*u - 14. Suppose 5*a = -4 - 16, 0 = -h + u*a + 24. Calculate the remainder when 35 is divided by h.
11
Suppose 3*d + 0*r - 2*r + 4 = 0, 32 = -4*d - 4*r. Let b be 6/(-4)*3*d. Let p = b - 12. Calculate the remainder when 21 is divided by p.
3
Suppose 3*z = -4*i + 19, 0 = 2*i + i - 5*z + 22. Let c be (11 - 0/(-3))/i. Suppose 4*q - 25 = c. Calculate the remainder when 25 is divided by q.
7
Suppose -3*d + 3*l + 12 = 0, 3*d + 6*l = 3*l + 24. Suppose 53 = 3*u + 3*x + 8, u = 2*x. Calculate the remainder when u is divided by d.
4
What is the remainder when 216 - (8/6)/((-24)/72) is divided by 25?
20
Let p(j) = -4*j - 1. Suppose 2*a + 2 + 8 = 0, 0 = 2*n + 4*a + 22. Calculate the remainder when 5 is divided by p(n).
2
Suppose 0 = -5*y - 3*l, -4*y = -2*l - 15 - 7. Let k = 30 + -8. Suppose k = 4*x + 3*t, 34 = 4*x + y*t - 6*t. What is the remainder when 27 is divided by x?
6
Let f = 131 - 80. What is the remainder when f is divided by 18?
15
Let d(y) = y**2 - 13. What is the remainder when d(-8) is divided by (18/4)/(1/6)?
24
Suppose 0 = -0*n + 4*n - 244. Calculate the remainder when n is divided by 32.
29
Suppose -2*k - 3*k - s + 32 = 0, 0 = k - 3*s - 16. Calculate the remainder when k is divided by 4.
3
Suppose 0*u = u + 4*o - 20, -3*o = -4*u + 118. Let z be 1*-2 - (-1)/1. What is the remainder when u is divided by (-2)/(z/(-1)) + 12?
8
Let t(p) = -p**3 - 2*p**3 + p + 2*p**3. Let h be t(-1). Suppose 3*c - o - 32 = 0, 0 = 2*c - h*c - 3*o - 33. What is the remainder when 35 is divided by c?
8
Let b = 7 - 5. Calculate the remainder when 25 is divided by (b - 3)/(-1)*13.
12
Suppose 2*i - i + 1 = 0. Let w(f) = -5*f - 5. What is the remainder when w(-4) is divided by i + (-7 + -2)*-1?
7
Let d(t) = -13*t - 50. Calculate the remainder when d(-6) is divided by 17.
11
Calculate the remainder when 14/(-42) - (-254)/6 is divided by 11.
9
Let x(u) = -u + 2*u**3 + 2 - u**3 + 4 - 5. Calculate the remainder when x(3) is divided by 9.
7
Suppose 0 = q + n - 9, 32 = -0*q + 3*q - 2*n. What is the remainder when 17 is divided by q?
7
Let g = 7 - 4. Suppose g*m = 123 + 93. Suppose -2*a + m - 14 = 0. Calculate the remainder when a is divided by 10.
9
Let p be -1*(1 + -2 - 5). Calculate the remainder when -1*8/((-8)/21) is divided by p/3 + 12 + -2.
9
Suppose l - 2*l = 3*w - 26, -40 = -2*l - 2*w. Calculate the remainder when 28 is divided by l.
11
Let c(l) = -l**3 - 6*l**2 - l - 1. Calculate the remainder when 5 is divided by c(-6).
0
Let g = 4 + -1. Let j = 4 - -1. Let p(y) = y - 1. Calculate the remainder when p(j) is divided by g.
1
Let h = 11 + -4. What is the remainder when 25 is divided by h?
4
Let p = 71 - 38. Let u(l) = -l**2 - 6*l - 2. Let w be u(-6). What is the remainder when p is divided by ((-17)/(-4))/(w/(-8))?
16
Let b = 4 - 2. Let d = -4 - -2. Calculate the remainder when d/(-3)*39 - b is divided by 13.
11
Let x(k) = 4*k + 1. Let p be x(5). Suppose 5*u + p = 1. What is the remainder when 41 is divided by 2*(-2)/u - -13?
13
Let m(s) be the first derivative of s**4/4 - 7*s**3/3 + 2*s**2 - 9*s + 6. Calculate the remainder when 36 is divided by m(7).
17
Let s = 13 + -6. Suppose -10 = -2*j, -30 = -f - 0*f - j. Calculate the remainder when f is divided by s.
4
Let j = -9 - -3. Suppose -3*s + 410 = 5*l, 0*l - 3*l + 252 = 3*s. Calculate the remainder when l is divided by 75/3 + j/(-3).
25
Suppose -q - 3*n + 23 = 0, -3*q + 5*q = -2*n + 46. Let y(l) = l**3 - 8*l**2 - 7*l - 5. What is the remainder when q is divided by y(9)?
10
Suppose x - 5*x = -252. What is the remainder when x is divided by 33?
30
Let m be 1 - (-1)/(2/2). Suppose 0 = -2*b + m*h + 154, 3*h = 3*b + h - 236. Let r = -59 + b. Calculate the remainder when r is divided by 8.
7
Let h be 21/1 - (-6)/3. Suppose -h = -3*y + 3*b + 22, 4*b = 3*y - 47. Let v(g) = g - 12. What is the remainder when y is divided by v(16)?
1
Suppose l + 3*l - 48 = 4*m, -4*m + 8 = 0. Suppose 40 = -7*o + 12*o. Calculate the remainder when l is divided by o.
6
Calculate the remainder when 290/7 + 15/(-35) is divided by 11.
8
What is the remainder when (9/(-3))/((-12)/16) is divided by 3?
1
Calculate the remainder when 534/(-3)*2/(-4) is divided by 18.
17
Suppose 4*r - 105 - 15 = -2*u, 0 = 3*r + 3*u - 90. Suppose 0 = 3*n - 4*n. Suppose n*o - o + 8 = 0. What is the remainder when r is divided by o?
6
Let w = -2 + 1. Let i be w + 1/(2/4). Calculate the remainder when (-9)/(i - (-14)/(-8)) is divided by 7.
5
Suppose -8 = -m - m. Suppose 5*b = -a + m*a - 8, -5*b + a - 6